 2600, 0 = -2*d + 3*c + 1300. What is the highest common divisor of 312 and d?
26
Suppose 113*a = -36*a + 112197. Calculate the greatest common factor of a and 15.
3
Let l be 22/(-4)*-14*1. Suppose a - l = -62. Let b = 61 + -46. Calculate the greatest common factor of b and a.
15
Let b = 2851 - 2715. What is the highest common divisor of 1921 and b?
17
Let s(j) = 11*j - 30. Let q be s(3). Let f be 144 + q + ((-16)/1)/4. Calculate the greatest common divisor of f and 11.
11
Let p be (14 - 8)/(1/((-176)/6)). Let m = 212 + p. What is the highest common divisor of 4 and m?
4
Suppose 24*v = 20398 + 19178. Let h = 222 + -205. What is the highest common factor of h and v?
17
Suppose 7*r + 398000 = 71*r + 334*r. Calculate the greatest common factor of 32 and r.
8
Let a be 2/(-6)*-1*69. Suppose 0 = 8*d + d + 360. Let x be ((-230)/d)/(31/(-16) + 2). What is the greatest common factor of x and a?
23
Let l(w) = -w**3 - 26*w**2 - 10*w - 897. Let q be l(-27). Suppose 0 = 3*d - 63 + 9. What is the greatest common divisor of q and d?
6
Suppose 221 = -33*d + 716. Suppose 0 = -s - 5 - 9. Let o = d + s. Calculate the greatest common factor of o and 11.
1
Let r = -6387 + 6392. What is the highest common factor of 545 and r?
5
Let a be (-4)/8 + 37/2*-3. Let o be (-1)/((-4)/a + 0). Let q be (-2238)/o + 4/28. What is the greatest common divisor of 20 and q?
20
Suppose 14 = 4*w + 4*p - 2*p, 0 = -3*p + 9. Suppose -4*j + 4*h = -378 - 14, w*j - h - 198 = 0. What is the highest common divisor of 12 and j?
4
Let l be (-1)/(2/(-10)) - 1/1. Suppose 86 = -5*c + 136. Calculate the greatest common factor of l and c.
2
Let k = 351 - 338. Suppose -k*r + 12*r = 5*u - 52, 4*r - 108 = 5*u. What is the highest common divisor of r and 12?
4
Let c be 2*((-675)/6)/(-9). Let j(b) = c + 2*b + 2*b**3 + 0*b**3 - 3*b**3. Let t be j(0). Calculate the greatest common factor of 20 and t.
5
Suppose -136*m - 418*m + 14557 + 20345 = 0. What is the highest common divisor of 4809 and m?
21
Let u = -6042 + 6108. Let p = -30 + 129. Calculate the highest common divisor of u and p.
33
Let i be (-1 - 2)*78/(-9). Suppose 0 = 6*l - 7*l + 5*b + 98, 4*b = 3*l - 250. What is the highest common factor of i and l?
26
Let x(t) = -4*t + 21 + 6*t + 22*t - t. Let b be x(4). Let g = -110 + b. Calculate the highest common divisor of g and 21.
3
Let w(u) = 9*u + 12. Let n be w(7). Let z be (-54)/(-6)*380/57. Calculate the highest common factor of z and n.
15
Suppose 5*g = -0*c - 9*c + 1870, -3*g = 2*c - 408. What is the highest common divisor of 4935 and c?
105
Suppose 234*w - 7740 = -210*w + 401*w. Let c(f) = f**2 + 20. Let i be c(0). Calculate the highest common divisor of w and i.
20
Let w(q) = -q**2 + 4*q - 5. Let o be w(5). Let g = 20 + o. Let b = 10499 - 10494. What is the greatest common divisor of g and b?
5
Let v = 14143 + -13269. Calculate the highest common divisor of 266 and v.
38
Suppose -65*b + 1072 = -2735 + 37. Suppose 0 = 2*s + 3*t - 461, -4*s + 469 = -2*s - 5*t. Calculate the highest common divisor of s and b.
58
Let i(g) = -72*g - 2337. Let p be i(-35). Calculate the highest common divisor of p and 1586.
61
Suppose 320 = 4*l + 12. Suppose 231 = 3*s - 3*b, s - 3*b = -0*s + l. Suppose -2*f + 107 = s. What is the highest common factor of 240 and f?
15
Suppose 6*l + 391 = -5. Let q be 40/(-18) + 2 - l/54. Let b(p) = 181*p - 1. Let z be b(q). What is the greatest common divisor of z and 20?
20
Let x(y) be the second derivative of -y**5/10 + 11*y**4/12 - 5*y**3/6 + 7*y**2 - 6*y - 10. Let q be x(5). What is the greatest common factor of 6 and q?
2
Let r be 105/15 + -2 + 0. Suppose 0 = 4*m - l - 15, r = -m + 5*l - 15. Suppose -15*x + 230 = -m*x. Calculate the highest common factor of x and 161.
23
Let k = 8 - 8. Let t be (-3 - (-1 + -1))*55/(-11). Suppose t*g - 4*g - 48 = k. What is the highest common divisor of 12 and g?
12
Let k be 4*(-7)/28 + -130. Let p = k + 142. What is the greatest common divisor of 275 and p?
11
Let j(s) = -s**2 - 18*s - 29. Let x be j(-9). Let n = 61 - x. Let m(t) = t**3 - 2*t - 3. Let w be m(3). What is the highest common factor of n and w?
9
Let d be 385/(-10)*(-8)/(-2). Let l = d - -259. Suppose 6*i + 5*y = 11*i - 90, -5*i + y + 102 = 0. Calculate the greatest common divisor of i and l.
21
Let o = 161 - 147. Suppose 0 = 2*z - 3*z - 46. Let j be z/(-6) - (-10)/(-15). Calculate the highest common divisor of o and j.
7
Let p(w) = 3*w**2 + 7*w + 6. Suppose -u = -3*u - 4*j + 8, 0 = -4*j + 8. Suppose u*z + 24 = -8*z. Let t be p(z). What is the greatest common factor of 6 and t?
6
Let j = -2 + -16. Let m = 23 + j. Suppose -5*z + 4*u = -54, -m*z + u = -30 - 21. What is the greatest common divisor of z and 2?
2
Suppose -3*s + 8*s - 10 = 0. Let q be s + (2 - 4) + 844. Let b = -547 + q. What is the highest common divisor of b and 33?
33
Suppose -4*z - 35 = z. Let k be (-500)/175*z/(-2). Let v be k + 4 + 5 - -415. What is the greatest common factor of v and 46?
46
Let d(s) = -151*s + 636. Let i be d(3). What is the greatest common factor of i and 3?
3
Let r be 18/(-45) + 4/10. Suppose r*u = u - 30. Let o(n) = 84*n**2 + 4*n + 2. Let s be o(-2). What is the greatest common factor of u and s?
30
Let a be 2 + (-16)/9 + (-396245)/(-4365). What is the highest common divisor of a and 4823?
91
Let i(r) = 353*r**2 + 131*r - 132. Let k be i(1). Calculate the greatest common divisor of k and 2640.
176
Suppose -12*q - 22751 = -25559. Calculate the highest common factor of q and 286.
26
Let b(q) = -3*q**2 - 152*q + 68. Let z be b(-51). Suppose 4*i - 1348 = -5*c, i + 206 = 2*c - 341. Calculate the greatest common factor of z and c.
17
Let n be 4 - ((-12)/(-5))/(18/120). Let d be (2 - 20)*16/n. What is the highest common divisor of d and 32?
8
Suppose 2*i - 276 = -4*l, 0 = -406*i + 409*i + l - 449. Let r be (-50)/(-15)*72/10. What is the highest common divisor of r and i?
8
Suppose -5*j - 15 = 0, 4*u - 105*j = -113*j + 120. Calculate the highest common factor of 53172 and u.
36
Suppose 247 = 5*y - 4*g, y - 49 = g - 0*g. Suppose -3*r + 27 + y = 0. Calculate the greatest common divisor of 286 and r.
26
Let m be 17/51 - (-55)/15 - -23. Calculate the greatest common factor of m and 243.
27
Let t = -27290 + 27422. Let u be -3 - 1/(2/(-468)). Calculate the greatest common factor of t and u.
33
Suppose -32*d + 11651 + 7600 = 3475. What is the greatest common divisor of d and 116?
29
Suppose 0 = -31*a - 48 - 138. Let h be 6/(-4)*a*(5 - 2). Let r(c) = -4*c + 1. Let o be r(-2). Calculate the greatest common divisor of o and h.
9
Suppose 3*c + 604 - 14783 = n, -9458 = -2*c + 2*n. Calculate the greatest common factor of 15 and c.
15
Let o = 125 + -121. Suppose 5*n - 182 = o*n + y, -y + 370 = 2*n. What is the highest common factor of 8 and n?
8
Let x(l) = l**2 + 40*l + 70. Let r = 42 - 82. Let h be x(r). What is the highest common divisor of h and 98?
14
Let d be ((-3)/2)/((-2)/44). Suppose -4*z - 3*n = -20, 2*z + 3*n - 10 = 4*n. Suppose -2079 = -z*c - 2*c. Calculate the highest common factor of c and d.
33
Suppose -g + 36 + 19 = 4*x, -2*g - 44 = -3*x. Suppose 11410 = -51*o + 42*o + 172*o. Calculate the greatest common divisor of o and x.
14
Suppose 5*x = -2*t + 8 + 12, -5*x = -2*t. Suppose -6*i - 69 = -q - 2*i, -q - x*i + 51 = 0. Calculate the greatest common factor of 133 and q.
19
Let z be ((-7)/(-2))/((-1196)/(-1456) - 8/14). Let p(m) = 8*m + 5. Let g be p(9). Calculate the greatest common factor of z and g.
7
Let o be 1/1*(-34 + 65). Suppose 744 = 3*h - 4*b, 3*b + b = 0. Calculate the greatest common divisor of h and o.
31
Let f be (0 + 2)*(-4 + 6). Suppose -882 = -9*l - 873. Let t = l + f. What is the greatest common divisor of t and 5?
5
Let f(l) = 335*l. Let a be f(5). What is the highest common factor of 268 and a?
67
Let c(t) = 87*t**2 - 307*t - 9. Let f be c(4). What is the greatest common factor of 45 and f?
5
Let a(s) = 14*s + 4 + 2*s**2 - 27 - 3*s**2 + 10. Let p be a(5). What is the greatest common factor of 88 and p?
8
Suppose -6 = -5*v - 26. Let c be -2 - (v - 3/(-1)). Let j = c - -13. Calculate the greatest common divisor of 6 and j.
6
Let t(v) = -v**3 + 13*v**2 + 16*v - 6. Suppose 9*c - 27 = 6*c. Let i = 5 + c. Let a be t(i). What is the greatest common factor of a and 2?
2
Let o = -5069 + 5079